d = 104 - 61. Suppose 4*s - d = -i, 3*s - 5*s - 59 = -3*i. What is the remainder when i is divided by 5?
3
Suppose -b - 59 = -2*x - 6*b, 2*x = 3*b + 35. Suppose 2*z + 12 = 36. What is the remainder when x is divided by z?
10
Let w(g) = 3*g - 22. Let d be w(9). Suppose -t = -d - 1. Calculate the remainder when 1/(-5) - 76/(-5) is divided by t.
3
Suppose 0*s - 680 = -10*s. What is the remainder when s is divided by 38?
30
Suppose 0*a = -5*k - 4*a + 66, -5*a + 9 = k. What is the remainder when 306 is divided by k?
12
Let u = 490 + -300. What is the remainder when u is divided by 28?
22
Suppose 0 = -4*z + 362 - 126. What is the remainder when 80 is divided by z?
21
Let y = -148 - -162. Let q = -144 + 212. What is the remainder when q is divided by y?
12
Suppose -3 = -2*o + 13. Suppose 3*n - 5 - 34 = j, 41 = 4*n - 5*j. Calculate the remainder when n is divided by o.
6
Suppose -2*w + 5*o + 457 = w, -3*w - 3*o + 489 = 0. Calculate the remainder when w is divided by ((-1128)/(-60) - 19) + 136/5.
24
Let b(a) = 3*a**2 - 2*a - 23 - 2*a**3 - 2*a**2 + 3*a**3 + 24*a**2. What is the remainder when 104 is divided by b(-25)?
23
Let h(l) = l**3 + 4*l**2 - 3. What is the remainder when 78 is divided by h(2)?
15
Suppose s - v + 83 = -4*v, 4*v = -2*s - 156. Let y be ((-21)/14)/(6/s). Suppose -12*w + y*w = 400. What is the remainder when w is divided by 27?
26
Let o(j) = -j**2 + 10*j - 5. Suppose 0 = 2*s - 7 - 1, 0 = -5*x + 2*s + 37. Let l be o(x). Calculate the remainder when (-775)/(-10) + (-2)/l is divided by 26.
25
Let t = 121 - 112. Calculate the remainder when 14 is divided by t.
5
Suppose -3*m = -2*m - x - 137, x = -3*m + 427. Calculate the remainder when m is divided by 18.
15
Let p = 23 + 52. Suppose 4*u - p = 5. Calculate the remainder when 99 is divided by u.
19
Suppose 4*q + 16 = 7*o - 2*o, -4 = q. Suppose o = -7*a + 5*a + 20. Suppose -r - 4*r = -30. Calculate the remainder when a is divided by r.
4
Suppose -4*t + 11 - 3 = 0. Let a(q) = 4*q**2 + q + 1. Let f be a(-1). Let i = t + f. Calculate the remainder when i is divided by 4.
2
Suppose -12*f + 313 + 107 = 0. Suppose 0 = 2*a - 4*a + 38. Calculate the remainder when f is divided by a.
16
Suppose 0 = 17*f - 18*f + h - 3, -11 = 2*f - 3*h. What is the remainder when 179 is divided by f?
1
Suppose -2*a = -o - 14, 21*a - 22*a = -2*o - 10. Let b = 14 - 10. Suppose m = 2*m - b. What is the remainder when a is divided by m?
2
Let i = 84 - 81. Suppose -128 = -4*w + 4*n, -i*n = -2*w - 2*w + 126. What is the remainder when 119 is divided by w?
29
Let d = -16 + 2. Let p = d - -17. Calculate the remainder when ((-52)/(-12) - p)*3 is divided by 2.
0
Let d(w) be the third derivative of 7*w**4/24 - w**3/3 + w**2. Let t(j) = j**3 + 12*j**2 + 4*j - 162. Calculate the remainder when t(-9) is divided by d(2).
9
Let q = 59 - 56. Let d(h) = -3*h + 10. What is the remainder when 5 is divided by d(q)?
0
Let y(t) = 2*t + 26. Let l be y(-11). Suppose -30 = l*g - 6*g. Let r(n) = n**3 - 5*n**2 + 7. What is the remainder when r(6) is divided by g?
13
Suppose -2*r - x = -23, 3*x - 22 = -2*r + x. Let l(b) = -13 + 3*b**3 + 2 - 12*b**2 - 2*b**3 + 2*b. What is the remainder when l(r) is divided by 8?
5
Suppose 316 = -6*p + 820. Let o be -5 - (2 + (-3 - -2)). What is the remainder when 40 is divided by (p/15)/(o/(-15))?
12
Let z = 371 + -364. Calculate the remainder when 68 is divided by z.
5
Let k(h) = 91*h - 1. Let z be k(-1). Let t be 4/(-6) - z/3. Let m = -15 + t. Calculate the remainder when 59 is divided by m.
14
Let o = -59 + 84. Let s be 270/(-36)*4/(-10). Suppose -s*m - 2*m = -o. Calculate the remainder when 18 is divided by m.
3
Let a be (-3)/(-12)*4 + 43. Suppose -a = -2*t - 2*t. Calculate the remainder when 18 is divided by t.
7
Let u be -2 + (-16)/(-4) + -20. Let r(l) = -2*l - 19. Suppose -18 = -g - 2*g + 3*w, 0 = -5*w + 20. What is the remainder when r(u) is divided by g?
7
Let q(k) = 2*k - 4. Let r be q(4). Suppose r*g - 6*g + 46 = 0. Suppose -5*v + 252 = -g. What is the remainder when v is divided by 15?
10
Let k(j) = -j**3 + 2*j**2 - 1. Let a be k(-1). Calculate the remainder when (a/3)/((-6)/(-189)) is divided by 12.
9
Let c be (-2)/(-4)*((1 - 5) + 694). Let j = c - 216. What is the remainder when j is divided by 10?
9
Let s = 260 - 228. Suppose -5*j - 6 = -306. Calculate the remainder when j is divided by s.
28
Let v = -480 - -491. Calculate the remainder when 109 is divided by v.
10
Suppose 14*q - 192 = 10*q. Let w = q - 12. What is the remainder when w is divided by 13?
10
Let x(t) = 4*t + 31. Let d be x(-20). Let w = d + 66. Calculate the remainder when 134 is divided by w.
15
Let c(r) = -9 + 9*r**3 - r + 10 + 2*r**3 - r**2. Suppose -9*a + 5 = -4*a. Calculate the remainder when 49 is divided by c(a).
9
Suppose -3*n = n - 28. Suppose -32 = -m - n*m. Suppose -m*z + 9*z = 80. Calculate the remainder when 78 is divided by z.
14
Suppose 2*a = 10*x - 11*x + 373, 2*a - 388 = 4*x. Calculate the remainder when a is divided by 65.
58
Let f = -311 - -353. Let l = -159 - -281. Calculate the remainder when l is divided by f.
38
Suppose -6*l - 4*y + 69 = -5*l, 0 = 4*l + y - 276. What is the remainder when l is divided by 43?
26
Let n = 18 - 19. Calculate the remainder when 237 is divided by -1*n/(-4) + (-3856)/(-64).
57
Let g be 12/20 + (-3)/5. Let p be 2*((-15)/(-6) + g). Suppose -p*x + 0 + 5 = 0. What is the remainder when x is divided by 1?
0
Let z(f) = 9*f - 1. Let x be z(5). Let c = -1 + x. Calculate the remainder when c is divided by 16.
11
Suppose -68 = -3*q - 272. Let n = q + 146. What is the remainder when n is divided by 20?
18
Let j = 5 - -5. What is the remainder when (j + -11 - (-4)/(-2)) + 4 is divided by 1?
0
Let s be (6/8)/(5/20). Let r(h) = -14*h - 42. Calculate the remainder when r(-5) is divided by (-3)/(s/(-2)) - -13.
13
Let d(c) = 6*c - 15. Let z = 11 - 3. What is the remainder when d(z) is divided by 6?
3
Let h(w) = -w**3 - 12*w**2 - 25*w + 40. What is the remainder when h(-10) is divided by 41?
8
Suppose 0 = z - 3*z. What is the remainder when 22 + (3 + 1 - z) is divided by 9?
8
Let j = 286 + -120. What is the remainder when j is divided by 51?
13
Suppose 2 + 1 = 3*o. Suppose n = -3*n + 100. Calculate the remainder when n is divided by 2/(45/39 - o).
12
Let b be (-2)/(1 - (-3)/(-6)). Suppose -5*d + 7 = 3*k, 3*d - d - 2*k = 6. Calculate the remainder when 6/(5 + b - -2) is divided by d.
0
Suppose 3*k - 16 - 146 = 0. Let x(m) = m**2 + 11. What is the remainder when k is divided by x(0)?
10
Let v = 820 + -778. What is the remainder when 74 is divided by v?
32
Let f = -70 + 70. Suppose 5*w = -3*g + 236, f*w + 5*g = 3*w - 162. What is the remainder when w is divided by 20?
9
Let t(j) = 4*j - 57. Let w be t(16). Let x = 22 + w. Calculate the remainder when 144 is divided by x.
28
Let w(o) be the second derivative of -o**5/20 + 3*o**4/4 - o**3/6 - o**2/2 + 7*o. What is the remainder when w(8) is divided by 8?
7
Let b = 6 + -2. Suppose 224 = -49*o + 105*o. What is the remainder when o is divided by 5/(-2)*b/(-5)?
0
Calculate the remainder when 4/1 - (8 + -9)*11 is divided by 3.
0
Suppose 2*r - 8*f = 180, 0 = -0*r + 4*r + f - 377. Let l(w) = 2*w. Let t be l(2). Calculate the remainder when r is divided by (-1)/t + (-194)/(-8).
22
Let y = 15 - 7. Let n be 66 + (3 - 3)/(-1). Let u = 96 - n. What is the remainder when u is divided by y?
6
Suppose 0 = -4*z + 22 + 54. Let y(l) = l**3 - 11*l**2 + 12*l + 8. What is the remainder when y(10) is divided by z?
9
Suppose 449*b - 447*b - 60 = 0. Calculate the remainder when 209 is divided by b.
29
Suppose -f - 11 = 11. Suppose 4*l + 360 = -5*l. What is the remainder when -4*(-5)/(l/f) is divided by 3?
2
Let c be (-2)/(-4) - 436/(-8). Suppose -264 = -4*v + 72. Let l = v - c. What is the remainder when l is divided by 15?
14
Suppose 3*g - 363 = z - 5*z, -z + 4*g = -67. Suppose 0 = t - 30 + 12. What is the remainder when z is divided by t?
15
Let p be (-736)/(-3) - (-5)/(-15). Let m = -134 + p. Calculate the remainder when m is divided by 38.
35
Suppose 0 = -2*g - 5*z + 20, -3*z = 5*g + 2*z - 35. Suppose 69 = -2*p + g*p. Calculate the remainder when p is divided by 12.
11
Suppose 160 = -2*b + 5*w, w + w = -4*b - 368. Calculate the remainder when 44 is divided by 12/2*b/(-36)